igit of 56?
6
What is the hundreds digit of 1166?
1
What is the hundred thousands digit of 203144?
2
What is the tens digit of 2336?
3
What is the tens digit of 1377?
7
What is the hundred thousands digit of 115660?
1
What is the hundreds digit of 20709?
7
What is the units digit of 86267?
7
What is the tens digit of 6009?
0
What is the units digit of 1507?
7
What is the thousands digit of 141470?
1
What is the units digit of 79860?
0
What is the hundreds digit of 23881?
8
What is the tens digit of 2933?
3
What is the thousands digit of 13197?
3
What is the tens digit of 135171?
7
What is the units digit of 7071?
1
What is the hundreds digit of 3102?
1
What is the hundreds digit of 73212?
2
What is the units digit of 3186?
6
What is the thousands digit of 5661?
5
What is the tens digit of 743?
4
What is the hundreds digit of 24282?
2
What is the tens digit of 19551?
5
What is the units digit of 3574?
4
What is the hundreds digit of 427?
4
What is the hundreds digit of 1665?
6
What is the tens digit of 5989?
8
What is the units digit of 123267?
7
What is the units digit of 1473?
3
What is the ten thousands digit of 42140?
4
What is the thousands digit of 94890?
4
What is the hundreds digit of 10104?
1
What is the ten thousands digit of 34627?
3
What is the tens digit of 4740?
4
What is the ten thousands digit of 10688?
1
What is the thousands digit of 8615?
8
What is the tens digit of 86821?
2
What is the units digit of 26007?
7
What is the hundreds digit of 289?
2
What is the tens digit of 10121?
2
What is the tens digit of 240?
4
What is the tens digit of 80935?
3
What is the tens digit of 18528?
2
What is the ten thousands digit of 34223?
3
What is the hundreds digit of 2487?
4
What is the thousands digit of 130458?
0
What is the hundreds digit of 637?
6
What is the thousands digit of 8481?
8
What is the thousands digit of 12851?
2
What is the tens digit of 57?
5
What is the thousands digit of 3544?
3
What is the tens digit of 929?
2
What is the hundreds digit of 3740?
7
What is the thousands digit of 12285?
2
What is the thousands digit of 2141?
2
What is the units digit of 1897?
7
What is the ten thousands digit of 10193?
1
What is the units digit of 9031?
1
What is the hundreds digit of 1051?
0
What is the tens digit of 5037?
3
What is the thousands digit of 11653?
1
What is the units digit of 8048?
8
What is the units digit of 537?
7
What is the units digit of 13418?
8
What is the hundreds digit of 68773?
7
What is the units digit of 8320?
0
What is the hundreds digit of 43827?
8
What is the units digit of 339?
9
What is the hundreds digit of 5820?
8
What is the hundreds digit of 7596?
5
What is the units digit of 2680?
0
What is the thousands digit of 20232?
0
What is the thousands digit of 1050?
1
What is the thousands digit of 2938?
2
What is the units digit of 29453?
3
What is the hundreds digit of 3832?
8
What is the thousands digit of 4188?
4
What is the tens digit of 11309?
0
What is the thousands digit of 31655?
1
What is the ten thousands digit of 74103?
7
What is the thousands digit of 109518?
9
What is the units digit of 10205?
5
What is the tens digit of 1693?
9
What is the hundreds digit of 828?
8
What is the ten thousands digit of 13433?
1
What is the hundreds digit of 11076?
0
What is the units digit of 310?
0
What is the units digit of 42376?
6
What is the units digit of 34201?
1
What is the thousands digit of 4406?
4
What is the tens digit of 1808?
0
What is the tens digit of 84401?
0
What is the thousands digit of 43405?
3
What is the units digit of 55749?
9
What is the tens digit of 793?
9
What is the hundreds digit of 12283?
2
What is the hundreds digit of 671?
6
What is the thousands digit of 9905?
9
What is the thousands digit of 9118?
9
What is the tens digit of 90277?
7
What is the ten thousands digit of 46704?
4
What is the units digit of 4156?
6
What is the tens digit of 528?
2
What is the thousands digit of 109642?
9
What is the thousands digit of 1533?
1
What is the thousands digit of 1276?
1
What is the hundreds digit of 10058?
0
What is the tens digit of 56512?
1
What is the thousands digit of 1671?
1
What is the tens digit of 4404?
0
What is the hundreds digit of 161113?
1
What is the hundreds digit of 2743?
7
What is the hundreds digit of 4676?
6
What is the hundreds digit of 24113?
1
What is the thousands digit of 28891?
8
What is the tens digit of 693?
9
What is the units digit of 69510?
0
What is the tens digit of 4895?
9
What is the units digit of 6015?
5
What is the units digit of 3423?
3
What is the tens digit of 60507?
0
What is the units digit of 2461?
1
What is the tens digit of 4093?
9
What is the units digit of 1714?
4
What is the tens digit of 27526?
2
What is the tens digit of 5414?
1
What is the ten thousands digit of 19899?
1
What is the ten thousands digit of 69792?
6
What is the ten thousands digit of 12642?
1
What is the hundreds digit of 539?
5
What is the units digit of 1998?
8
What is the hundreds digit of 1038?
0
What is the tens digit of 1713?
1
What is the thousands digit of 18588?
8
What is the hundreds digit of 17972?
9
What is the tens digit of 134222?
2
What is the units digit of 2715?
5
What is the units digit of 716?
6
What is the tens digit of 2010?
1
What is the units digit of 74583?
3
What is the hundreds digit of 4389?
3
What is the thousands digit of 4019?
4
What is the hundreds digit of 8203?
2
What is the units digit of 11377?
7
What is the thousands digit of 58189?
8
What is the units digit of 33978?
8
What is the ten thousands digit of 34422?
3
What is the hundreds digit of 7085?
0
What is the tens digit of 271?
7
What is the hundreds digit of 4450?
4
What is the tens digit of 4892?
9
What is the units digit of 40170?
0
What is the units digit of 2085?
5
What is the hundreds digit of 2750?
7
What is the thousands digit of 4126?
4
What is the thousands digit of 12830?
2
What is the tens digit of 14570?
7
What is the units digit of 89454?
4
What is the hundreds digit of 35933?
9
What is the units digit of 20358?
8
What is the ten thousands digit of 10826?
1
What is the thousands digit of 181507?
1
What is the hundreds digit of 667?
6
What is the hundreds digit of 1791?
7
What is the units digit of 2216?
6
What is the hundreds digit of 3917?
9
What is the hundreds digit of 2103?
1
What is the tens digit of 4678?
7
What is the units digit of 1594?
4
What is the hundreds digit of 1798?
7
What is the hundreds digit of 5597?
5
What is the hundreds digit of 244?
2
What is the tens digit of 32629?
2
What is the hundreds digit of 627?
6
What is the tens digit of 7831?
3
What is the units digit of 354?
4
What is the hundreds digit of 71064?
0
What is the thousands digit of 4334?
4
What is the tens digit of 10391?
9
What is the hundreds digit of 2812?
8
What is the ten thousands digit of 41791?
4
What is the hundreds digit of 20909?
9
What is the hundreds digit of 44571?
5
What is the tens digit of 518?
1
What is the hundreds digit of 3163?
1
What is the thousands digit of 4191?
4
What is the hundreds digit of 12429?
4
What is the hundreds digit of 245?
2
What is the hundreds digit of 276?
2
What is the ten thousands digit of 45761?
4
What is the units digit of 291?
1
What is the thousands digit of 8925?
8
What is the units digit of 12399?
9
What is the tens digit of 2074?
7
What is the ten thousands digit of 18019?
1
What is the units digit of 22257?
7
What is the tens digit of 678?
7
What is the hundreds digit of 64056?
0
What is the units digit of 51562?
2
What is the hundreds digit of 863?
8
What is the units digit of 4522?
2
What is the units digit of 12708?
8
What is the tens digit of 2352?
5
What is the hundreds digit of 2283?
2
What is the units digit of 41357?
7
What is the thousands digit of 2504?
2
What is the thousands digit of 35206?
5
What is the ten thousands digit of 164912?
6
What is the tens digit of 278?
7
What is the units digit of 547?
7
What is the units digit of 90879?
9
What is the thousands digit of 2474?
2
What is the hundreds digit of 1842?
8
What is the units digit of 8371?
1
What is the units digit of 3379?
9
What is the tens digit of 1421?
2
What is the tens digit of 36605?
0
What is the units digit of 4824?
4
What is the units digit of 9759?
9
